5 and 2811.
937
What is the highest common divisor of 6 and 2014353?
3
Calculate the greatest common factor of 7308 and 5485284.
252
Calculate the greatest common factor of 1797 and 544977987.
1797
What is the greatest common factor of 621 and 109558269?
207
What is the greatest common factor of 687270 and 4746?
6
Calculate the greatest common divisor of 811454 and 32333.
1043
What is the greatest common factor of 19115074 and 66?
22
What is the highest common divisor of 100428 and 1572?
12
Calculate the greatest common factor of 11910 and 73429914.
2382
Calculate the highest common divisor of 2442247 and 7216.
41
Calculate the greatest common factor of 4 and 287084788.
4
Calculate the greatest common factor of 17171 and 69634649.
1561
Calculate the greatest common divisor of 55714 and 414028.
178
Calculate the greatest common divisor of 511761640 and 848.
424
What is the highest common divisor of 3535 and 1999205110?
3535
Calculate the highest common factor of 4326 and 188706.
42
What is the highest common divisor of 58505859 and 10137?
327
What is the greatest common factor of 2395611 and 10437?
213
Calculate the greatest common factor of 4 and 6573692.
4
What is the greatest common factor of 8733 and 56535?
3
Calculate the highest common divisor of 4307486 and 1334.
1334
What is the greatest common factor of 766616 and 22752?
632
What is the greatest common divisor of 2318660 and 120?
20
Calculate the greatest common factor of 14198117 and 6782.
3391
Calculate the highest common divisor of 3944 and 221476.
68
Calculate the greatest common divisor of 243 and 1779021.
9
What is the greatest common factor of 1030056 and 7014?
1002
Calculate the highest common factor of 267 and 544213462.
89
What is the greatest common divisor of 126910791 and 126?
63
Calculate the greatest common factor of 2749455 and 435.
15
Calculate the highest common divisor of 198789 and 421314.
2967
Calculate the highest common factor of 15551846 and 694.
694
Calculate the highest common factor of 276 and 12857667.
69
What is the highest common factor of 52170 and 45651570?
1410
What is the greatest common divisor of 10206 and 14714?
14
Calculate the highest common factor of 78600 and 55200.
600
What is the greatest common factor of 1620 and 99342000?
180
Calculate the highest common factor of 86301 and 12169.
43
Calculate the greatest common divisor of 897712 and 4864.
304
What is the greatest common divisor of 288649268 and 4?
4
What is the greatest common divisor of 8 and 184607712?
8
Calculate the highest common divisor of 4331497 and 213.
71
What is the greatest common divisor of 15358 and 256606?
14
Calculate the highest common factor of 9765 and 60760.
1085
What is the highest common divisor of 182956 and 12296?
212
What is the greatest common factor of 14282 and 207718?
74
What is the greatest common divisor of 49233309 and 2091?
51
Calculate the greatest common factor of 184 and 128156552.
184
Calculate the greatest common divisor of 2463491 and 1313.
101
Calculate the highest common factor of 254529 and 2816.
11
Calculate the highest common factor of 468518027 and 166727.
15157
What is the greatest common divisor of 21635130 and 21995?
265
What is the highest common factor of 18879 and 8322012?
93
Calculate the highest common factor of 964782 and 491226.
3534
Calculate the greatest common divisor of 8027 and 106881.
23
Calculate the greatest common factor of 51170490 and 56.
14
What is the greatest common divisor of 22471198 and 344?
86
Calculate the highest common divisor of 337 and 2917166023.
337
Calculate the greatest common divisor of 7806606 and 20026.
1178
What is the greatest common factor of 371263750 and 2275?
325
What is the greatest common divisor of 1294 and 13638?
2
What is the greatest common divisor of 10996480 and 660?
220
Calculate the highest common factor of 3578755 and 754375.
6035
What is the greatest common divisor of 200 and 881096?
8
Calculate the greatest common factor of 10608652 and 1504.
188
Calculate the highest common factor of 374 and 14200142.
22
Calculate the greatest common factor of 16 and 2803672.
8
What is the greatest common factor of 16740311 and 931?
931
Calculate the greatest common factor of 244538 and 39438.
14
Calculate the highest common factor of 23685163 and 4124.
1031
Calculate the greatest common factor of 173014 and 25574.
38
Calculate the highest common divisor of 121122270 and 1860.
930
Calculate the highest common divisor of 64 and 144900752.
16
Calculate the highest common factor of 394809 and 1946682.
3909
What is the greatest common factor of 90255 and 1779?
3
Calculate the greatest common divisor of 310348110 and 15.
15
What is the greatest common divisor of 704 and 103271608?
88
What is the greatest common divisor of 3077 and 2530018?
181
Calculate the greatest common factor of 9656361 and 1586.
793
Calculate the greatest common factor of 178 and 211074803.
89
Calculate the greatest common divisor of 66539 and 10157323.
2893
What is the greatest common factor of 40206 and 2208?
6
What is the greatest common factor of 445224 and 74412?
156
What is the highest common divisor of 612 and 133488?
36
What is the highest common divisor of 82351213 and 1479?
493
What is the greatest common factor of 416 and 5414448?
208
What is the greatest common divisor of 1648 and 85450654?
206
What is the greatest common divisor of 814 and 341792902?
814
Calculate the highest common factor of 45 and 24495705.
45
Calculate the highest common factor of 40 and 8121460.
20
What is the highest common factor of 34810716 and 48?
12
Calculate the greatest common factor of 45577025 and 975.
325
Calculate the highest common factor of 6135636 and 44252.
1924
Calculate the highest common factor of 5197456 and 451.
11
What is the greatest common factor of 387 and 5688909?
9
What is the highest common divisor of 6452060 and 8140?
740
What is the highest common factor of 7885615 and 3435?
1145
Calculate the highest common divisor of 268039296 and 126.
126
What is the greatest common divisor of 13490 and 328795?
95
Calculate the greatest common factor of 24219 and 75565143.
1863
Calculate the highest common factor of 129557162 and 266.
266
Calculate the highest common factor of 11892 and 1464.
12
Calculate the greatest common factor of 28 and 3679956.
28
Calculate the highest common factor of 4133470330 and 1045.
1045
Calculate the highest common factor of 7504 and 120486368.
1072
What is the highest common factor of 37000 and 269000?
1000
Calculate the greatest common factor of 4368 and 489138.
78
What is the greatest common divisor of 203303 and 527?
17
What is the greatest common divisor of 86836 and 167128652?
5108
Calculate the highest common divisor of 24 and 21978552.
24
Calculate the highest common divisor of 7756 and 120132.
4
Calculate the highest common divisor of 76 and 2154921556.
76
Calculate the highest common factor of 30 and 2460904470.
30
What is the greatest common factor of 67994616 and 64?
8
What is the highest common divisor of 272 and 4872944?
16
Calculate the greatest common divisor of 138344568 and 310.
62
What is the greatest common divisor of 368931731 and 7?
7
Calculate the highest common factor of 52481065 and 91.
91
What is the highest common factor of 60593 and 622?
1
Calculate the highest common divisor of 82004 and 500422.
494
What is the greatest common factor of 25370 and 167796?
118
What is the greatest common divisor of 206150 and 2478512?
1178
Calculate the highest common divisor of 118 and 97464814.
118
Calculate the greatest common factor of 3312 and 1240038.
18
What is the greatest common divisor of 30890740 and 50?
10
Calculate the greatest common divisor of 7033 and 316303.
13
Calculate the highest common divisor of 8950 and 371990.
10
Calculate the greatest common divisor of 6363 and 220606119.
909
What is the greatest common factor of 510 and 2545710?
30
Calculate the highest common factor of 14280 and 445515.
105
Calculate the greatest common divisor of 2322957 and 6858.
381
Calculate the greatest common factor of 3884 and 174580.
4
Calculate the greatest common divisor of 477180 and 6740.
20
Calculate the greatest common factor of 6239 and 4928080037.
6239
Calculate the highest common fac